31
What are the prime factors of 1367911834?
2, 17, 40232701
List the prime factors of 105152628.
2, 3, 7, 178831
What are the prime factors of 44918075?
5, 641, 2803
What are the prime factors of 46200347?
46200347
What are the prime factors of 78519817?
5861, 13397
List the prime factors of 25670804.
2, 89, 72109
List the prime factors of 68585219.
71, 965989
What are the prime factors of 7049145961?
11, 13, 23, 43, 49843
What are the prime factors of 73640389?
227, 353, 919
What are the prime factors of 212572585?
5, 37, 643, 1787
What are the prime factors of 42003349?
311, 135059
List the prime factors of 1076611664.
2, 67288229
List the prime factors of 1810928444.
2, 13, 37, 269, 3499
What are the prime factors of 203235002?
2, 101617501
List the prime factors of 2041592999.
23, 109, 503, 1619
What are the prime factors of 18496896?
2, 3, 11, 29, 151
What are the prime factors of 64208152?
2, 127, 63197
What are the prime factors of 1722004?
2, 151, 2851
List the prime factors of 3495034372.
2, 313, 2791561
What are the prime factors of 162448060?
2, 5, 31, 479, 547
What are the prime factors of 238518302?
2, 11, 73, 148517
What are the prime factors of 14402261?
317, 45433
List the prime factors of 2020489227.
3, 79, 2841757
What are the prime factors of 1803778802?
2, 7, 149, 864707
What are the prime factors of 1165503185?
5, 7, 11, 29, 139, 751
List the prime factors of 471908720.
2, 5, 5898859
What are the prime factors of 28416312?
2, 3, 293, 449
List the prime factors of 72701091.
3, 23, 117071
What are the prime factors of 26527783?
167, 158849
List the prime factors of 44076583.
37, 197, 6047
List the prime factors of 94804902.
2, 3, 607, 8677
List the prime factors of 25192142.
2, 12596071
What are the prime factors of 2105165787?
3, 41, 17115169
List the prime factors of 17647582.
2, 8823791
What are the prime factors of 39982163?
13, 37, 101, 823
What are the prime factors of 2387949261?
3, 795983087
List the prime factors of 375761175.
3, 5, 241, 20789
What are the prime factors of 229245213?
3, 76415071
List the prime factors of 1522468560.
2, 3, 5, 6343619
List the prime factors of 120949908.
2, 3, 10079159
List the prime factors of 948999958.
2, 2351, 201829
List the prime factors of 86852534.
2, 19, 431, 5303
List the prime factors of 3581430292.
2, 11, 61, 1334363
What are the prime factors of 1084635585?
3, 5, 11, 113, 19391
What are the prime factors of 22036611?
3, 599, 12263
List the prime factors of 1015226873.
5879, 172687
What are the prime factors of 3721056344?
2, 465132043
What are the prime factors of 3687152452?
2, 29, 31785797
What are the prime factors of 41191837?
233, 176789
List the prime factors of 782679495.
3, 5, 13, 251, 15991
List the prime factors of 3638531096.
2, 13807, 32941
What are the prime factors of 46041575?
5, 431, 4273
What are the prime factors of 435466448?
2, 353, 77101
List the prime factors of 289067449.
11, 2957, 8887
What are the prime factors of 18214965?
3, 5, 23, 17599
What are the prime factors of 28761441?
3, 9587147
What are the prime factors of 76874709?
3, 25624903
List the prime factors of 45031238.
2, 7, 53, 60689
What are the prime factors of 1345010895?
3, 5, 277, 107903
What are the prime factors of 324131829?
3, 7, 15434849
List the prime factors of 83674058.
2, 13, 3218233
What are the prime factors of 423273808?
2, 1433, 18461
What are the prime factors of 1391014515?
3, 5, 11, 8430391
List the prime factors of 327321380.
2, 5, 59, 241, 1151
List the prime factors of 1492094217.
3, 497364739
What are the prime factors of 827882192?
2, 2221, 23297
List the prime factors of 2451992540.
2, 5, 122599627
What are the prime factors of 2545002667?
673, 3781579
List the prime factors of 132567768.
2, 3, 17, 23, 277
List the prime factors of 1204828917.
3, 173, 2321443
What are the prime factors of 3467902?
2, 59, 29389
List the prime factors of 476620037.
103, 641, 7219
What are the prime factors of 1214300538?
2, 3, 11, 2044277
List the prime factors of 453876298.
2, 103, 409, 5387
List the prime factors of 222053952.
2, 3, 97, 11923
What are the prime factors of 4364778317?
89, 3719, 13187
List the prime factors of 49789918.
2, 19, 1310261
List the prime factors of 21893004.
2, 3, 7, 197
List the prime factors of 3067602718.
2, 223, 6878033
What are the prime factors of 238586408?
2, 233, 127997
What are the prime factors of 46197746?
2, 7, 1259, 2621
What are the prime factors of 136420728?
2, 3, 23, 53, 4663
What are the prime factors of 6152002430?
2, 5, 7, 12555107
List the prime factors of 6211607153.
6211607153
List the prime factors of 18593273.
31, 599783
List the prime factors of 4722829446.
2, 3, 2539, 310019
What are the prime factors of 207634645?
5, 109, 331, 1151
What are the prime factors of 191090?
2, 5, 97, 197
List the prime factors of 19515906.
2, 3, 1084217
List the prime factors of 2337277254.
2, 3, 13, 181, 165553
What are the prime factors of 2196034235?
5, 439206847
What are the prime factors of 2468650548?
2, 3, 7, 13, 1439, 1571
What are the prime factors of 2719195045?
5, 7, 233, 333439
List the prime factors of 2460327149.
7, 351475307
List the prime factors of 28351748.
2, 7087937
What are the prime factors of 4456617739?
7, 43, 2579, 5741
List the prime factors of 36870101.
36870101
What are the prime factors of 1017785532?
2, 3, 277, 306193
What are the prime factors of 379743894?
2, 3, 21096883
What are the prime factors of 5191078105?
5, 1038215621
What are the prime factors of 46179202?
2, 41, 233, 2417
What are the prime factors of 63098216?
2, 139, 179, 317
List the prime factors of 1508714647.
11, 23, 29, 61, 3371
What are the prime factors of 41174092?
2, 2969, 3467
What are the prime factors of 836197214?
2, 41, 10197527
What are the prime factors of 659944024?
2, 19, 1231, 3527
List the prime factors of 31094863.
2213, 14051
List the prime factors of 528493055.
5, 105698611
What are the prime factors of 354470017?
11, 1151, 27997
What are the prime factors of 3278558666?
2, 37097, 44189
What are the prime factors of 302360298?
2, 3, 31, 463, 3511
List the prime factors of 48504938.
2, 24252469
What are the prime factors of 77777837?
491, 158407
List the prime factors of 356437343.
4951, 71993
List the prime factors of 402402799.
402402799
List the prime factors of 1700524827.
3, 43, 293, 4999
What are the prime factors of 222437651?
971, 229081
List the prime factors of 24051069.
3, 7, 479, 797
List the prime factors of 290968188.
2, 3, 7, 3463907
What are the prime factors of 218764635?
3, 5, 109, 133801
List the prime factors of 623246446.
2, 373, 835451
What are the prime factors of 538637858?
2, 11, 227, 107857
List the prime factors of 59901033.
3, 163, 122497
List the prime factors of 1110497581.
71, 157, 99623
What are the prime factors of 1237787838?
2, 3, 7, 659, 4969
List the prime factors of 321108297.
3, 107036099
List the prime factors of 112837391.
167, 181, 3733
What are the prime factors of 17376451?
17376451
What are the prime factors of 1512922142?
2, 756461071
List the prime factors of 377314154.
2, 7, 2129, 12659
What are the prime factors of 1023443493?
3, 19, 17955149
List the prime factors of 43861843.
43861843
What are the prime factors of 6469742054?
2, 17, 547, 347873
List the prime factors of 293554740.
2, 3, 5, 4892579
List the prime factors of 1608220270.
2, 5, 139, 677, 1709
What are the prime factors of 88331115?
3, 5, 5888741
List the prime factors of 79413149.
109, 728561
What are the prime factors of 1110283754?
2, 877, 633001
What are the prime factors of 8368588?
2, 19, 29, 3797
List the prime factors of 693560768.
2, 23, 31, 15199
What are the prime factors of 27193364?
2, 11, 618031
What are the prime factors of 1278836133?
3, 23, 181, 102397
List the prime factors of 474601364.
2, 118650341
List the prime factors of 280465100.
2, 5, 929, 3019
What are the prime factors of 1279350087?
3, 263, 709, 2287
What are the prime factors of 658963599?
3, 7, 37, 848087
List the prime factors of 414495134.
2, 207247567
List the prime factors of 173321233.
311, 557303
List the prime factors of 4368866393.
19477, 224309
List the prime factors of 42805982.
2, 113, 189407
What are the prime factors of 